{"id":4201,"date":"2023-05-06T04:11:27","date_gmt":"2023-05-06T10:11:27","guid":{"rendered":"http:\/\/municipiomugica.com\/?page_id=4201"},"modified":"2023-05-06T04:13:02","modified_gmt":"2023-05-06T10:13:02","slug":"d-y-e","status":"publish","type":"page","link":"https:\/\/municipiomugica.com\/index.php\/d-y-e\/","title":{"rendered":"D y E"},"content":{"rendered":"\n<figure class=\"wp-block-table is-style-stripes\"><table><tbody><tr><td><a href=\"http:\/\/www.municipiomugica.com\/Cuenta_Publica\/2022\/III\/D%20y%20E\/1.-%20AUTORIZACI%C3%93N%20DEL%20PRESUPUESTO%202022.pdf\" title=\"1.- AUTORIZACI\u00d3N DEL PRESUPUESTO 2022\">1.- AUTORIZACI\u00d3N DEL PRESUPUESTO 2022<\/a><\/td><\/tr><tr><td><a href=\"http:\/\/www.municipiomugica.com\/Cuenta_Publica\/2022\/III\/D%20y%20E\/2.-%20APROBACI%C3%93N%20PRIMER%20INFORME%20TRIMESTRAL%20Y%20MODIF%20PRESUPUESTALES.pdf\" title=\"2.- APROBACI\u00d3N PRIMER INFORME TRIMESTRAL Y MODIF PRESUPUESTALES\">2.- APROBACI\u00d3N PRIMER INFORME TRIMESTRAL Y MODIF PRESUPUESTALES<\/a><\/td><\/tr><tr><td><a href=\"http:\/\/www.municipiomugica.com\/Cuenta_Publica\/2022\/III\/D%20y%20E\/3.-APROBACI%C3%93N%20SEGUNDO%20INFORME%20TRIMESTRAL%20Y%20MODIF%20PRESUPUESTALES.pdf\" title=\"3.-APROBACI\u00d3N SEGUNDO INFORME TRIMESTRAL Y MODIF PRESUPUESTALES\">3.-APROBACI\u00d3N SEGUNDO INFORME TRIMESTRAL Y MODIF PRESUPUESTALES<\/a><\/td><\/tr><tr><td><a href=\"http:\/\/www.municipiomugica.com\/Cuenta_Publica\/2022\/III\/D%20y%20E\/4.-%20APROBACI%C3%93N%20TERCER%20INFORME%20TRIMESTRAL%20Y%20MODIF%20PRESUPUESTALES.pdf\" title=\"4.- APROBACI\u00d3N TERCER INFORME TRIMESTRAL Y MODIF PRESUPUESTALES\">4.- APROBACI\u00d3N TERCER INFORME TRIMESTRAL Y MODIF PRESUPUESTALES<\/a><\/td><\/tr><tr><td><a href=\"http:\/\/www.municipiomugica.com\/Cuenta_Publica\/2022\/III\/D%20y%20E\/5.-%20APROBACI%C3%93N%20TERCER%20INFORME%20TRIMESTRAL%20Y%20MODIF%20PRESUPUESTALES.pdf\" title=\"5.- APROBACI\u00d3N TERCER INFORME TRIMESTRAL Y MODIF PRESUPUESTALES\">5.- APROBACI\u00d3N TERCER INFORME TRIMESTRAL Y MODIF PRESUPUESTALES<\/a><\/td><\/tr><\/tbody><\/table><\/figure>\n","protected":false},"excerpt":{"rendered":"<p>1.- AUTORIZACI\u00d3N DEL PRESUPUESTO 2022 2.- APROBACI\u00d3N PRIMER INFORME TRIMESTRAL Y MODIF PRESUPUESTALES 3.-APROBACI\u00d3N SEGUNDO INFORME TRIMESTRAL Y MODIF PRESUPUESTALES 4.- APROBACI\u00d3N TERCER INFORME TRIMESTRAL Y MODIF PRESUPUESTALES 5.- APROBACI\u00d3N &#8230;<\/p>\n","protected":false},"author":2,"featured_media":0,"parent":0,"menu_order":0,"comment_status":"closed","ping_status":"closed","template":"","meta":{"om_disable_all_campaigns":false,"footnotes":""},"class_list":["post-4201","page","type-page","status-publish","hentry"],"aioseo_notices":[],"_links":{"self":[{"href":"https:\/\/municipiomugica.com\/index.php\/wp-json\/wp\/v2\/pages\/4201","targetHints":{"allow":["GET"]}}],"collection":[{"href":"https:\/\/municipiomugica.com\/index.php\/wp-json\/wp\/v2\/pages"}],"about":[{"href":"https:\/\/municipiomugica.com\/index.php\/wp-json\/wp\/v2\/types\/page"}],"author":[{"embeddable":true,"href":"https:\/\/municipiomugica.com\/index.php\/wp-json\/wp\/v2\/users\/2"}],"replies":[{"embeddable":true,"href":"https:\/\/municipiomugica.com\/index.php\/wp-json\/wp\/v2\/comments?post=4201"}],"version-history":[{"count":3,"href":"https:\/\/municipiomugica.com\/index.php\/wp-json\/wp\/v2\/pages\/4201\/revisions"}],"predecessor-version":[{"id":4204,"href":"https:\/\/municipiomugica.com\/index.php\/wp-json\/wp\/v2\/pages\/4201\/revisions\/4204"}],"wp:attachment":[{"href":"https:\/\/municipiomugica.com\/index.php\/wp-json\/wp\/v2\/media?parent=4201"}],"curies":[{"name":"wp","href":"https:\/\/api.w.org\/{rel}","templated":true}]}}