{"id":5504,"date":"2025-04-01T23:51:41","date_gmt":"2025-04-02T05:51:41","guid":{"rendered":"https:\/\/municipiomugica.com\/?page_id=5504"},"modified":"2025-07-14T23:41:26","modified_gmt":"2025-07-15T05:41:26","slug":"cuenta-publica-anual-2024","status":"publish","type":"page","link":"https:\/\/municipiomugica.com\/index.php\/cuenta-publica-anual-2024\/","title":{"rendered":"CUENTA P\u00daBLICA ANUAL 2024"},"content":{"rendered":"\n<p>I. CAR\u00c1TULA<\/p>\n\n\n\n<figure class=\"wp-block-table is-style-stripes\"><table class=\"has-fixed-layout\"><tbody><tr><td><a href=\"http:\/\/www.municipiomugica.com\/Cuenta_Publica\/2024\/I.%20CAR%C3%81TULA\/CAR%C3%81TULA.pdf\" title=\"\">CAR\u00c1TULA<\/a><\/td><\/tr><\/tbody><\/table><\/figure>\n\n\n\n<p>II. INDICE<\/p>\n\n\n\n<figure class=\"wp-block-table is-style-stripes\"><table class=\"has-fixed-layout\"><tbody><tr><td><a href=\"http:\/\/www.municipiomugica.com\/Cuenta_Publica\/2024\/II.%20INDICE\/INDICE.pdf\" title=\"\">INDICE<\/a><\/td><\/tr><\/tbody><\/table><\/figure>\n\n\n\n<p>III. ACTA DE SESI\u00d3N DE CABILDO<\/p>\n\n\n\n<figure class=\"wp-block-table is-style-stripes\"><table class=\"has-fixed-layout\"><tbody><tr><td><a href=\"http:\/\/www.municipiomugica.com\/Cuenta_Publica\/2024\/III.%20COPIA%20DE%20ACTA%20DE%20SESI%C3%93N%20DE%20CABILDO\/ACTAS%20DE%20SESI%C3%93N%20DE%20CABILDO.pdf\" title=\"\">ACTAS DE SESI\u00d3N DE CABILDO<\/a><\/td><\/tr><\/tbody><\/table><\/figure>\n\n\n\n<p>IV. INFORMACI\u00d3N CONTABLE<\/p>\n\n\n\n<figure class=\"wp-block-table is-style-stripes\"><table class=\"has-fixed-layout\"><tbody><tr><td><a href=\"http:\/\/www.municipiomugica.com\/Cuenta_Publica\/2024\/IV.%20INFORMACI%C3%93N%20CONTABLE\/A%29%20ESTADO%20DE%20ACTIVIDADES.pdf\" title=\"\">A) ESTADO DE ACTIVIDADES<\/a><\/td><\/tr><tr><td><a href=\"http:\/\/www.municipiomugica.com\/Cuenta_Publica\/2024\/IV.%20INFORMACI%C3%93N%20CONTABLE\/B%29%20ESTADO%20DE%20SITUACI%C3%93N%20FINANCIERA.pdf\" title=\"\">B) ESTADO DE SITUACI\u00d3N FINANCIERA<\/a><\/td><\/tr><tr><td><a href=\"http:\/\/www.municipiomugica.com\/Cuenta_Publica\/2024\/IV.%20INFORMACI%C3%93N%20CONTABLE\/C%29%20ESTADO%20DE%20VARIACI%C3%93N%20EN%20LA%20HACIENDA%20P%C3%9ABLICA.pdf\" title=\"\">C) ESTADO DE VARIACI\u00d3N EN LA HACIENDA P\u00daBLICA<\/a><\/td><\/tr><tr><td><a href=\"http:\/\/www.municipiomugica.com\/Cuenta_Publica\/2024\/IV.%20INFORMACI%C3%93N%20CONTABLE\/D%29%20ESTADO%20DE%20CAMBIOS%20EN%20LA%20SITUACI%C3%93N%20FINANCIERA.pdf\" title=\"\">D) ESTADO DE CAMBIOS EN LA SITUACI\u00d3N FINANCIERA<\/a><\/td><\/tr><tr><td><a href=\"http:\/\/www.municipiomugica.com\/Cuenta_Publica\/2024\/IV.%20INFORMACI%C3%93N%20CONTABLE\/E%29%20ESTADO%20DE%20FLUJO%20DE%20EFECTIVO.pdf\" title=\"\">E) ESTADO DE FLUJO DE EFECTIVO<\/a><\/td><\/tr><tr><td><a href=\"http:\/\/www.municipiomugica.com\/Cuenta_Publica\/2024\/IV.%20INFORMACI%C3%93N%20CONTABLE\/F%29%20NOTAS%20A%20LOS%20ETADOS%20FINANCIEROS.pdf\" title=\"\">F) NOTAS A LOS ETADOS FINANCIEROS<\/a><\/td><\/tr><tr><td><a href=\"http:\/\/www.municipiomugica.com\/Cuenta_Publica\/2024\/IV.%20INFORMACI%C3%93N%20CONTABLE\/G%29%20ESTADO%20ANAL%C3%8DTICO%20DEL%20ACTIVO.pdf\" title=\"\">G) ESTADO ANAL\u00cdTICO DEL ACTIVO<\/a><\/td><\/tr><tr><td><a href=\"http:\/\/www.municipiomugica.com\/Cuenta_Publica\/2024\/IV.%20INFORMACI%C3%93N%20CONTABLE\/H%29%20CONCILIACI%C3%93N%20ENTRE%20LOS%20EGRESOS%20PRESUP%20Y%20CONTABLES.pdf\" title=\"\">H) CONCILIACI\u00d3N ENTRE LOS EGRESOS PRESUP Y CONTABLES<\/a><\/td><\/tr><tr><td><a href=\"http:\/\/www.municipiomugica.com\/Cuenta_Publica\/2024\/IV.%20INFORMACI%C3%93N%20CONTABLE\/H%29%20CONCILIACI%C3%93N%20ENTRE%20LOS%20INGRESOS%20PRESUP%20Y%20CONTABLES.pdf\" title=\"\">H) CONCILIACI\u00d3N ENTRE LOS INGRESOS PRESUP Y CONTABLES<\/a><\/td><\/tr><\/tbody><\/table><\/figure>\n\n\n\n<p>V. INFORMACI\u00d3N PRESUPUESTARIA<\/p>\n\n\n\n<figure class=\"wp-block-table is-style-stripes\"><table class=\"has-fixed-layout\"><tbody><tr><td><a href=\"http:\/\/www.municipiomugica.com\/Cuenta_Publica\/2024\/V.%20INFORMACI%C3%93N%20PRESUPUESTARIA\/A%29%20ESTADO%20ANAL%C3%8DTICO%20DE%20INGRESOS%20Y%20SUS%20CLASIFICACIONES.pdf\" title=\"\">A) ESTADO ANAL\u00cdTICO DE INGRESOS Y SUS CLASIFICACIONES<\/a><\/td><\/tr><tr><td><a href=\"http:\/\/www.municipiomugica.com\/Cuenta_Publica\/2024\/V.%20INFORMACI%C3%93N%20PRESUPUESTARIA\/B%29%20ESTADO%20DEL%20EJERC%20DEL%20PRESUP%20DE%20EGRESOS%20CLASIF%20ADMINISTRATIVA.pdf\" title=\"\">B) ESTADO DEL EJERC DEL PRESUP DE EGRESOS CLASIF ADMINISTRATIVA<\/a><\/td><\/tr><tr><td><a href=\"http:\/\/www.municipiomugica.com\/Cuenta_Publica\/2024\/V.%20INFORMACI%C3%93N%20PRESUPUESTARIA\/B%29%20ESTADO%20DEL%20EJERC%20DEL%20PRESUP%20DE%20EGRESOS%20CLASIF%20ECON%C3%93MICA.pdf\" title=\"\">B) ESTADO DEL EJERC DEL PRESUP DE EGRESOS CLASIF ECON\u00d3MICA<\/a><\/td><\/tr><tr><td><a href=\"http:\/\/www.municipiomugica.com\/Cuenta_Publica\/2024\/V.%20INFORMACI%C3%93N%20PRESUPUESTARIA\/B%29%20ESTADO%20DEL%20EJERC%20DEL%20PRESUP%20DE%20EGRESOS%20CLASIF%20FUNCIONAL.pdf\" title=\"\">B) ESTADO DEL EJERC DEL PRESUP DE EGRESOS CLASIF FUNCIONAL<\/a><\/td><\/tr><tr><td><a href=\"http:\/\/www.municipiomugica.com\/Cuenta_Publica\/2024\/V.%20INFORMACI%C3%93N%20PRESUPUESTARIA\/B%29%20ESTADO%20DEL%20EJERC%20DEL%20PRESUP%20DE%20EGRESOS%20CLASIF%20POR%20OBJETO%20DEL%20GASTO.pdf\" title=\"\">B) ESTADO DEL EJERC DEL PRESUP DE EGRESOS CLASIF POR OBJETO DEL GASTO<\/a><\/td><\/tr><tr><td><a href=\"http:\/\/www.municipiomugica.com\/Cuenta_Publica\/2024\/V.%20INFORMACI%C3%93N%20PRESUPUESTARIA\/B%29%20ESTADO%20DEL%20EJERC%20DEL%20PRESUP%20DE%20EGRESOS%20CLASIF%20PROGRAM%C3%81TICA.pdf\" title=\"\">B) ESTADO DEL EJERC DEL PRESUP DE EGRESOS CLASIF PROGRAM\u00c1TICA<\/a><\/td><\/tr><\/tbody><\/table><\/figure>\n\n\n\n<p>VI. INFORMACI\u00d3N ADICIONAL CONAC<\/p>\n\n\n\n<figure class=\"wp-block-table is-style-stripes\"><table class=\"has-fixed-layout\"><tbody><tr><td><a href=\"http:\/\/www.municipiomugica.com\/Cuenta_Publica\/2024\/VI.%20INFORMACI%C3%93N%20ADICIONAL%20CONAC\/A%29%20RELACI%C3%93N%20DE%20BIENES%20MUEBLES%20E%20INMUEBLES%20%281%29.pdf\" title=\"\">A) RELACI\u00d3N DE BIENES MUEBLES E INMUEBLES (1)<\/a><\/td><\/tr><tr><td><a href=\"http:\/\/www.municipiomugica.com\/Cuenta_Publica\/2024\/VI.%20INFORMACI%C3%93N%20ADICIONAL%20CONAC\/A%29%20RELACI%C3%93N%20DE%20BIENES%20MUEBLES%20E%20INMUEBLES%20%282%29.pdf\" title=\"\">A) RELACI\u00d3N DE BIENES MUEBLES E INMUEBLES (2)<\/a><\/td><\/tr><tr><td><a href=\"http:\/\/www.municipiomugica.com\/Cuenta_Publica\/2024\/VI.%20INFORMACI%C3%93N%20ADICIONAL%20CONAC\/B%29%20RELACI%C3%93N%20DE%20CUENTAS%20BANCARIAS%20ACTIVAS.pdf\" title=\"\">B) RELACI\u00d3N DE CUENTAS BANCARIAS ACTIVAS<\/a><\/td><\/tr><tr><td><a href=\"http:\/\/www.municipiomugica.com\/Cuenta_Publica\/2024\/VI.%20INFORMACI%C3%93N%20ADICIONAL%20CONAC\/C%29%20NORMA%20PARA%20ESTABLECER%20LA%20ESTRUCTURA%20DEL%20FORMATO%20DEL%20EJERCICIO%20Y%20DESTINO%20DEL%20GASTO.pdf\" title=\"\">C) NORMA PARA ESTABLECER LA ESTRUCTURA DEL FORMATO DEL EJERCICIO Y DESTINO DEL GASTO<\/a><\/td><\/tr><tr><td><a href=\"http:\/\/www.municipiomugica.com\/Cuenta_Publica\/2024\/VI.%20INFORMACI%C3%93N%20ADICIONAL%20CONAC\/D%29%20CONCILIACI%C3%93N%20ENTRE%20INGRESOS%20PRESUP%20Y%20CONTABLES.pdf\" title=\"\">D) CONCILIACI\u00d3N ENTRE INGRESOS PRESUP Y CONTABLES<\/a><\/td><\/tr><tr><td><a href=\"http:\/\/www.municipiomugica.com\/Cuenta_Publica\/2024\/VI.%20INFORMACI%C3%93N%20ADICIONAL%20CONAC\/E%29%20CONCILIACI%C3%93N%20ENTRE%20EGRESOS%20PRESUP%20Y%20CONTABLES.pdf\" title=\"\">E) CONCILIACI\u00d3N ENTRE EGRESOS PRESUP Y CONTABLES<\/a><\/td><\/tr><\/tbody><\/table><\/figure>\n\n\n\n<p>VII. INFORMACI\u00d3N PARA DAR CUMPLIMIENTO A LA LEY DE DISCIPLINA FINANCIERA<\/p>\n\n\n\n<figure class=\"wp-block-table is-style-stripes\"><table class=\"has-fixed-layout\"><tbody><tr><td><a href=\"http:\/\/www.municipiomugica.com\/Cuenta_Publica\/2024\/VII.%20INFORMACI%C3%93N%20PARA%20DAR%20CUMPLIMIENTO%20A%20LA%20LEY%20DE%20DISCIPLINA%20FINANCIERA\/1.-%20ESTADO%20DE%20SITUACI%C3%93N%20FINANCIERA%20DETALLADO.pdf\" title=\"\">1.- ESTADO DE SITUACI\u00d3N FINANCIERA DETALLADO<\/a><\/td><\/tr><tr><td><a href=\"http:\/\/www.municipiomugica.com\/Cuenta_Publica\/2024\/VII.%20INFORMACI%C3%93N%20PARA%20DAR%20CUMPLIMIENTO%20A%20LA%20LEY%20DE%20DISCIPLINA%20FINANCIERA\/2.-%20INFORME%20ANAL%C3%8DTICO%20DE%20LA%20DEUDA%20P%C3%9ABLICA%20Y%20OTROS%20PASIVOS.pdf\" title=\"\">2.- INFORME ANAL\u00cdTICO DE LA DEUDA P\u00daBLICA Y OTROS PASIVOS<\/a><\/td><\/tr><tr><td><a href=\"http:\/\/www.municipiomugica.com\/Cuenta_Publica\/2024\/VII.%20INFORMACI%C3%93N%20PARA%20DAR%20CUMPLIMIENTO%20A%20LA%20LEY%20DE%20DISCIPLINA%20FINANCIERA\/3.-%20INFORME%20ANAL%C3%8DTICO%20DE%20OBLIGACIONES%20DIFERENTES%20DE%20FINANCIAMIENTO.pdf\" title=\"\">3.- INFORME ANAL\u00cdTICO DE OBLIGACIONES DIFERENTES DE FINANCIAMIENTO<\/a><\/td><\/tr><tr><td><a href=\"http:\/\/www.municipiomugica.com\/Cuenta_Publica\/2024\/VII.%20INFORMACI%C3%93N%20PARA%20DAR%20CUMPLIMIENTO%20A%20LA%20LEY%20DE%20DISCIPLINA%20FINANCIERA\/4.-%20BALANCE%20PRESUPUESTARIO.pdf\" title=\"\">4.- BALANCE PRESUPUESTARIO<\/a><\/td><\/tr><tr><td><a href=\"http:\/\/www.municipiomugica.com\/Cuenta_Publica\/2024\/VII.%20INFORMACI%C3%93N%20PARA%20DAR%20CUMPLIMIENTO%20A%20LA%20LEY%20DE%20DISCIPLINA%20FINANCIERA\/5.-%20ESTADO%20ANAL%C3%8DTICO%20DE%20INGRESOS%20DETALLADO.pdf\" title=\"\">5.- ESTADO ANAL\u00cdTICO DE INGRESOS DETALLADO<\/a><\/td><\/tr><tr><td><a href=\"http:\/\/www.municipiomugica.com\/Cuenta_Publica\/2024\/VII.%20INFORMACI%C3%93N%20PARA%20DAR%20CUMPLIMIENTO%20A%20LA%20LEY%20DE%20DISCIPLINA%20FINANCIERA\/6.-%20ESTADO%20ANAL%C3%8DTICO%20DEL%20EJERC%20DEL%20PRESUP%20DE%20EGRESOS%20DETALLADO%20CLASIF%20ADMINISTRATIVA.pdf\" title=\"\">6.- ESTADO ANAL\u00cdTICO DEL EJERC DEL PRESUP DE EGRESOS DETALLADO CLASIF ADMINISTRATIVA<\/a><\/td><\/tr><tr><td><a href=\"http:\/\/www.municipiomugica.com\/Cuenta_Publica\/2024\/VII.%20INFORMACI%C3%93N%20PARA%20DAR%20CUMPLIMIENTO%20A%20LA%20LEY%20DE%20DISCIPLINA%20FINANCIERA\/6.-%20ESTADO%20ANAL%C3%8DTICO%20DEL%20EJERC%20DEL%20PRESUP%20DE%20EGRESOS%20DETALLADO%20CLASIF%20FUNCIONAL.pdf\" title=\"\">6.- ESTADO ANAL\u00cdTICO DEL EJERC DEL PRESUP DE EGRESOS DETALLADO CLASIF FUNCIONAL<\/a><\/td><\/tr><tr><td><a href=\"http:\/\/www.municipiomugica.com\/Cuenta_Publica\/2024\/VII.%20INFORMACI%C3%93N%20PARA%20DAR%20CUMPLIMIENTO%20A%20LA%20LEY%20DE%20DISCIPLINA%20FINANCIERA\/6.-%20ESTADO%20ANAL%C3%8DTICO%20DEL%20EJERC%20DEL%20PRESUP%20DE%20EGRESOS%20DETALLADO%20CLASIF%20OBJETO%20GASTO%202.pdf\" title=\"\">6.- ESTADO ANAL\u00cdTICO DEL EJERC DEL PRESUP DE EGRESOS DETALLADO CLASIF OBJETO GASTO 2<\/a><\/td><\/tr><tr><td><a href=\"http:\/\/www.municipiomugica.com\/Cuenta_Publica\/2024\/VII.%20INFORMACI%C3%93N%20PARA%20DAR%20CUMPLIMIENTO%20A%20LA%20LEY%20DE%20DISCIPLINA%20FINANCIERA\/6.-%20ESTADO%20ANAL%C3%8DTICO%20DEL%20EJERC%20DEL%20PRESUP%20DE%20EGRESOS%20DETALLADO%20CLASIF%20OBJETO%20GASTO.pdf\" title=\"\">6.- ESTADO ANAL\u00cdTICO DEL EJERC DEL PRESUP DE EGRESOS DETALLADO CLASIF OBJETO GASTO<\/a><\/td><\/tr><tr><td><a href=\"http:\/\/www.municipiomugica.com\/Cuenta_Publica\/2024\/VII.%20INFORMACI%C3%93N%20PARA%20DAR%20CUMPLIMIENTO%20A%20LA%20LEY%20DE%20DISCIPLINA%20FINANCIERA\/6.-%20ESTADO%20ANAL%C3%8DTICO%20DEL%20EJERC%20DEL%20PRESUP%20DE%20EGRESOS%20DETALLADO%20CLASIF%20SERVICIOS%20PERSONALES.pdf\" title=\"\">6.- ESTADO ANAL\u00cdTICO DEL EJERC DEL PRESUP DE EGRESOS DETALLADO CLASIF SERVICIOS PERSONALES<\/a><\/td><\/tr><tr><td><a href=\"http:\/\/www.municipiomugica.com\/Cuenta_Publica\/2024\/VII.%20INFORMACI%C3%93N%20PARA%20DAR%20CUMPLIMIENTO%20A%20LA%20LEY%20DE%20DISCIPLINA%20FINANCIERA\/7.-%20GU%C3%8DA%20DE%20CUMPLIMIENTO%20DE%20LA%20LEY%20DE%20DISCIPLINA%20FINANCIERA%20DE%20LAS%20ENTIDADES%20Y%20LOS%20MUNICIPIOS.pdf\" title=\"\">7.- GU\u00cdA DE CUMPLIMIENTO DE LA LEY DE DISCIPLINA FINANCIERA DE LAS ENTIDADES Y LOS MUNICIPIOS<\/a><\/td><\/tr><tr><td><a href=\"https:\/\/www.municipiomugica.com\/Cuenta_Publica\/2024\/VII.%20INFORMACI%C3%93N%20PARA%20DAR%20CUMPLIMIENTO%20A%20LA%20LEY%20DE%20DISCIPLINA%20FINANCIERA\/PROYECCIO%CC%81N%20DE%20EGRESOS%202024.pdf\" title=\"\">PROYECCI\u00d3N DE EGRESOS 2024<\/a><\/td><\/tr><tr><td><a href=\"https:\/\/www.municipiomugica.com\/Cuenta_Publica\/2024\/VII.%20INFORMACI%C3%93N%20PARA%20DAR%20CUMPLIMIENTO%20A%20LA%20LEY%20DE%20DISCIPLINA%20FINANCIERA\/PROYECCIO%CC%81N%20DE%20INGRESOS%202024.pdf\" title=\"\">PROYECCI\u00d3N DE INGRESOS 2024<\/a><\/td><\/tr><tr><td><a href=\"https:\/\/www.municipiomugica.com\/Cuenta_Publica\/2024\/VII.%20INFORMACI%C3%93N%20PARA%20DAR%20CUMPLIMIENTO%20A%20LA%20LEY%20DE%20DISCIPLINA%20FINANCIERA\/RESULTADO%20DE%20EGRESOS.pdf\" title=\"\">RESULTADO DE EGRESOS<\/a><\/td><\/tr><tr><td><a href=\"https:\/\/www.municipiomugica.com\/Cuenta_Publica\/2024\/VII.%20INFORMACI%C3%93N%20PARA%20DAR%20CUMPLIMIENTO%20A%20LA%20LEY%20DE%20DISCIPLINA%20FINANCIERA\/RESULTADO%20DE%20INGRESOS.pdf\" title=\"\">RESULTADO DE INGRESOS<\/a><\/td><\/tr><tr><td><a href=\"https:\/\/www.municipiomugica.com\/Cuenta_Publica\/2024\/VII.%20INFORMACI%C3%93N%20PARA%20DAR%20CUMPLIMIENTO%20A%20LA%20LEY%20DE%20DISCIPLINA%20FINANCIERA\/ESTADO%20ANALI%CC%81TICO%20DE%20LA%20DEUDA%20Y%20OTROS%20PASIVOS%20%20%20AL%2031%20DE%20DICIEMBRE%202024.pdf\" title=\"\">ESTADO ANAL\u00cdTICO DE LA DEUDA Y OTROS PASIVOS AL 31 DE DICIEMBRE 2024<\/a><\/td><\/tr><\/tbody><\/table><\/figure>\n\n\n\n<p>VIII. INFORMACI\u00d3N COMPLEMENTARIA<\/p>\n\n\n\n<figure class=\"wp-block-table is-style-stripes\"><table class=\"has-fixed-layout\"><tbody><tr><td><a href=\"http:\/\/www.municipiomugica.com\/Cuenta_Publica\/2024\/VIII.%20INFORMACI%C3%93N%20COMPLEMENTARIA\/1.-%20CONCILIACIONES%20BANCARIAS%2C%20ESTADOS%20DE%20CUENTA%20Y%20ANAL%C3%8DTICOS%20MENSUALES%20%281%29.pdf\" title=\"\">1.- CONCILIACIONES BANCARIAS, ESTADOS DE CUENTA Y ANAL\u00cdTICOS MENSUALES (1)<\/a><\/td><\/tr><tr><td><a href=\"http:\/\/www.municipiomugica.com\/Cuenta_Publica\/2024\/VIII.%20INFORMACI%C3%93N%20COMPLEMENTARIA\/1.-%20CONCILIACIONES%20BANCARIAS%2C%20ESTADOS%20DE%20CUENTA%20Y%20ANAL%C3%8DTICOS%20MENSUALES%20%282%29.pdf\" title=\"\">1.- CONCILIACIONES BANCARIAS, ESTADOS DE CUENTA Y ANAL\u00cdTICOS MENSUALES (2)<\/a><\/td><\/tr><tr><td><a href=\"http:\/\/www.municipiomugica.com\/Cuenta_Publica\/2024\/VIII.%20INFORMACI%C3%93N%20COMPLEMENTARIA\/1.-%20CONCILIACIONES%20BANCARIAS%2C%20ESTADOS%20DE%20CUENTA%20Y%20ANAL%C3%8DTICOS%20MENSUALES%20%283%29.pdf\" title=\"\">1.- CONCILIACIONES BANCARIAS, ESTADOS DE CUENTA Y ANAL\u00cdTICOS MENSUALES (3)<\/a><\/td><\/tr><tr><td><a href=\"http:\/\/www.municipiomugica.com\/Cuenta_Publica\/2024\/VIII.%20INFORMACI%C3%93N%20COMPLEMENTARIA\/1.-%20CONCILIACIONES%20BANCARIAS%2C%20ESTADOS%20DE%20CUENTA%20Y%20ANAL%C3%8DTICOS%20MENSUALES%20%284%29.pdf\" title=\"\">1.- CONCILIACIONES BANCARIAS, ESTADOS DE CUENTA Y ANAL\u00cdTICOS MENSUALES (4)<\/a><\/td><\/tr><tr><td><a href=\"http:\/\/www.municipiomugica.com\/Cuenta_Publica\/2024\/VIII.%20INFORMACI%C3%93N%20COMPLEMENTARIA\/1.-%20CONCILIACIONES%20BANCARIAS%2C%20ESTADOS%20DE%20CUENTA%20Y%20ANAL%C3%8DTICOS%20MENSUALES%20%285%29.pdf\" title=\"\">1.- CONCILIACIONES BANCARIAS, ESTADOS DE CUENTA Y ANAL\u00cdTICOS MENSUALES (5)<\/a><\/td><\/tr><tr><td><a href=\"http:\/\/www.municipiomugica.com\/Cuenta_Publica\/2024\/VIII.%20INFORMACI%C3%93N%20COMPLEMENTARIA\/1.-%20CONCILIACIONES%20BANCARIAS%2C%20ESTADOS%20DE%20CUENTA%20Y%20ANAL%C3%8DTICOS%20MENSUALES%20%286%29.pdf\" title=\"\">1.- CONCILIACIONES BANCARIAS, ESTADOS DE CUENTA Y ANAL\u00cdTICOS MENSUALES (6)<\/a><\/td><\/tr><tr><td><a href=\"http:\/\/www.municipiomugica.com\/Cuenta_Publica\/2024\/VIII.%20INFORMACI%C3%93N%20COMPLEMENTARIA\/1.-%20CONCILIACIONES%20BANCARIAS%2C%20ESTADOS%20DE%20CUENTA%20Y%20ANAL%C3%8DTICOS%20MENSUALES%20%287%29.pdf\" title=\"\">1.- CONCILIACIONES BANCARIAS, ESTADOS DE CUENTA Y ANAL\u00cdTICOS MENSUALES (7)<\/a><\/td><\/tr><tr><td><a href=\"http:\/\/www.municipiomugica.com\/Cuenta_Publica\/2024\/VIII.%20INFORMACI%C3%93N%20COMPLEMENTARIA\/1.-%20CONCILIACIONES%20BANCARIAS%2C%20ESTADOS%20DE%20CUENTA%20Y%20ANAL%C3%8DTICOS%20MENSUALES%20%288%29.pdf\" title=\"\">1.- CONCILIACIONES BANCARIAS, ESTADOS DE CUENTA Y ANAL\u00cdTICOS MENSUALES (8)<\/a><\/td><\/tr><tr><td><a href=\"http:\/\/www.municipiomugica.com\/Cuenta_Publica\/2024\/VIII.%20INFORMACI%C3%93N%20COMPLEMENTARIA\/02.-%20BALANZA%20DE%20COMPROBACI%C3%93N.pdf\" title=\"\">02.- BALANZA DE COMPROBACI\u00d3N<\/a><\/td><\/tr><tr><td><a href=\"http:\/\/www.municipiomugica.com\/Cuenta_Publica\/2024\/VIII.%20INFORMACI%C3%93N%20COMPLEMENTARIA\/03.-%20ANEXO%201%20REPORTE%20DE%20APLICACI%C3%93N%20DE%20LA%20DEUDA.pdf\" title=\"\">03.- ANEXO 1 REPORTE DE APLICACI\u00d3N DE LA DEUDA<\/a><\/td><\/tr><tr><td><a href=\"http:\/\/www.municipiomugica.com\/Cuenta_Publica\/2024\/VIII.%20INFORMACI%C3%93N%20COMPLEMENTARIA\/03.-%20ANEXO%202%20RELACI%C3%93N%20DE%20OBRAS%20P%C3%9ABLICAS%20DEL%20EJERCICIO.pdf\" title=\"\">03.- ANEXO 2 RELACI\u00d3N DE OBRAS P\u00daBLICAS DEL EJERCICIO<\/a><\/td><\/tr><tr><td><a href=\"http:\/\/www.municipiomugica.com\/Cuenta_Publica\/2024\/VIII.%20INFORMACI%C3%93N%20COMPLEMENTARIA\/03.-%20ANEXO%203%20VINCULACI%C3%93N%20DE%20OBJETIVOS.pdf\" title=\"\">03.- ANEXO 3 VINCULACI\u00d3N DE OBJETIVOS<\/a><\/td><\/tr><tr><td><a href=\"http:\/\/www.municipiomugica.com\/Cuenta_Publica\/2024\/VIII.%20INFORMACI%C3%93N%20COMPLEMENTARIA\/03.-%20ANEXO%204%20AVANCE%20PROGRAM%C3%81TICO.pdf\" title=\"\">03.- ANEXO 4 AVANCE PROGRAM\u00c1TICO<\/a><\/td><\/tr><\/tbody><\/table><\/figure>\n\n","protected":false},"excerpt":{"rendered":"<p>I. CAR\u00c1TULA CAR\u00c1TULA II. INDICE INDICE III. ACTA DE SESI\u00d3N DE CABILDO ACTAS DE SESI\u00d3N DE CABILDO IV. INFORMACI\u00d3N CONTABLE A) ESTADO DE ACTIVIDADES B) ESTADO DE SITUACI\u00d3N FINANCIERA C) &#8230;<\/p>\n","protected":false},"author":1,"featured_media":0,"parent":0,"menu_order":0,"comment_status":"closed","ping_status":"closed","template":"","meta":{"om_disable_all_campaigns":false,"footnotes":""},"class_list":["post-5504","page","type-page","status-publish","hentry"],"aioseo_notices":[],"_links":{"self":[{"href":"https:\/\/municipiomugica.com\/index.php\/wp-json\/wp\/v2\/pages\/5504","targetHints":{"allow":["GET"]}}],"collection":[{"href":"https:\/\/municipiomugica.com\/index.php\/wp-json\/wp\/v2\/pages"}],"about":[{"href":"https:\/\/municipiomugica.com\/index.php\/wp-json\/wp\/v2\/types\/page"}],"author":[{"embeddable":true,"href":"https:\/\/municipiomugica.com\/index.php\/wp-json\/wp\/v2\/users\/1"}],"replies":[{"embeddable":true,"href":"https:\/\/municipiomugica.com\/index.php\/wp-json\/wp\/v2\/comments?post=5504"}],"version-history":[{"count":8,"href":"https:\/\/municipiomugica.com\/index.php\/wp-json\/wp\/v2\/pages\/5504\/revisions"}],"predecessor-version":[{"id":5666,"href":"https:\/\/municipiomugica.com\/index.php\/wp-json\/wp\/v2\/pages\/5504\/revisions\/5666"}],"wp:attachment":[{"href":"https:\/\/municipiomugica.com\/index.php\/wp-json\/wp\/v2\/media?parent=5504"}],"curies":[{"name":"wp","href":"https:\/\/api.w.org\/{rel}","templated":true}]}}